
What is -2 + (8 - 2) + -5?
-1
What is the value of -1 + 3 + 4 + (-1 - 1)?
4
(1 - (0 + -5)) + -24 + 11
-7
What is the value of (-3 - (-2 + 7)) + 1?
-7
Calculate -51 + 45 - (-3 + -9 - -2).
4
Calculate (9 - 5) + -7 + -2.
-5
What is the value of 3 - (1 + (0 - (-1 + 2)))?
3
Evaluate 13 + -23 - (-9 + 6).
-7
(-31 - -34) + (5 - 4)
4
1 + (-6 - -6) + (2 - 2)
1
Evaluate -3 - 12 - (0 - 6) - -1.
-8
Calculate -4 + 2 + 3 + 0 + -2.
-1
Evaluate 3 + 3 + (7 - 10) + 5.
8
Calculate (-3 - (1 + 0)) + 1 + 2.
-1
What is -1 + 5 - ((11 - 1) + -8)?
2
What is 8 - (11 + -16 - (0 + -5))?
8
Calculate 4 + (2 - 12) - -3 - 1.
-4
What is -3 - 5 - -3 - -1?
-4
Evaluate 6 + -7 + (5 - 6) - -2.
0
What is the value of -4 - -3 - (-2 + 2)?
-1
Evaluate -10 + -8 + 13 - (0 - -1).
-6
What is the value of (5 - (-1 - -13)) + 3?
-4
Evaluate (2 - 2 - (-8 + 0)) + -5.
3
Evaluate -2 - -4 - (-5 + 2 + 8).
-3
-4 - -4 - 0 - (1 + 2)
-3
(-5 - 0) + 25 + -24
-4
-6 - (0 - 3 - -1) - -5
1
What is the value of -5 - (-2 + -2 + -2 + 5)?
-4
What is the value of 8 + -2 + 1 + 0 + -4?
3
-3 - -1 - (6 - 4)
-4
What is 2 - -12 - (-152 + 173)?
-7
Calculate -1 + (1 + -1 - 0 - -3).
2
Calculate -1 + (0 - -1) + 0.
0
What is (-5 + 0 - -9) + 2?
6
What is the value of -1 + -4 - (0 - (-1 - -4))?
-2
Calculate 2 + -25 + (6 - -6).
-11
(13 - 7) + -10 + -1
-5
What is the value of (-5 - (1 - 2)) + 1 - 0?
-3
What is (-1 - -1) + -28 + 33?
5
What is 1 + (3 + -6 - -5 - 3)?
0
What is the value of (3 - 4) + (0 + 1 - 1)?
-1
(8 - 10 - (-3 - 0)) + 0
1
Calculate (4 - 0) + (3 - 4).
3
What is the value of (11 - -2) + -10 - -1?
4
Evaluate -6 - (-4 + 4 - 0).
-6
What is 3 + (2 - 3) - -1?
3
Evaluate 3 + (-5 - 6) - -12.
4
Evaluate 0 - 12 - (40 - 47).
-5
(4 - -2 - 3) + -4
-1
Calculate (8 - (8 + 0)) + -1.
-1
What is (-3 - 1) + (-12 - -10 - -2)?
-4
Evaluate 61 - 68 - (-4 + -1 - -1).
-3
Calculate (1 - (2 + 0)) + -1 + 3.
1
Evaluate 9 + -4 + -1 - 0.
4
What is the value of (-7 - 2) + 3 + 6?
0
Calculate 5 - (3 + 2 - 0).
0
(1 - 2) + -12 + 11
-2
What is 10 + -14 + (10 - 5)?
1
What is 9 - (-9 + (2 - -20))?
-4
0 + -3 + (0 - (2 - 1))
-4
Calculate -2 - (-12 + 4 + 4).
2
Calculate -4 + (-5 - 1 - -3) - -13.
6
Evaluate (-1 - -3) + -7 + 2 + -1.
-4
Evaluate 9 + -9 + 4 + -8.
-4
Evaluate 3 + (-4 - -3) + 3.
5
What is (2 - -1 - (-5 + 7)) + -5?
-4
-5 + (-2 - 1) - -10
2
What is (-4 - (-19 - -6)) + -7?
2
0 - (4 - 3) - -1
0
Evaluate -1 - (2 - -8) - -13.
2
Calculate -1 + (1 + -2 - -5) - 4.
-1
Evaluate 1 + (-4 - 0) + -2.
-5
What is -4 - (-5 - 6) - 9?
-2
Calculate 1 - 1 - (10 + -2 - 5).
-3
(8 - (12 + -6)) + -1
1
What is the value of -7 + -4 - -23 - 20?
-8
What is (2 - 3) + (-90 - -102)?
11
-3 + 3 + (1 - -3) + -2
2
What is the value of -1 + -2 - (-2 + (0 - 3))?
2
Calculate -3 + -3 + 3 + 2.
-1
What is the value of -14 + 7 + (8 - (1 + 0))?
0
What is -21 + 17 + -2 + 1 + 11?
6
3 + -6 + -4 + 12 - 4
1
Evaluate -3 + (-6 - (-8 - (-3 + 3))).
-1
What is -3 - (6 + -10) - 1?
0
Evaluate (-5 - (12 - 5)) + 8.
-4
What is 1 - (-3 + 3) - (5 - 9)?
5
What is the value of 10 - (-6 + 16 + -2)?
2
Calculate -5 - -7 - (-4 + 13 + -2).
-5
What is -34 + 38 - (2 + (5 - 2))?
-1
What is 3 + (5 - 0) + -8?
0
What is 3 + -1 + 2 + -4 - -2?
2
What is -7 + (-2 - -2) - (-4 - -2)?
-5
Evaluate -8 + (-6 - -2 - -16).
4
What is 9 + -4 + 11 + -17?
-1
What is the value of 7 + (1 - 3 - 1)?
4
What is (3 - 1) + (0 - (3 + -5))?
4
-2 + -4 + 5 + -6 + 2
-5
Evaluate -6 + -4 + 6 + -3 + 0.
-7
Evaluate -14 + (28 - (9 + -2)).
7
Calculate (2 - (10 - 1)) + 9.
2
Evaluate -8 - (0 + -6) - (-3 + 0).
1
Calculate 9 + -10 + (6 - 3) + -1.
1
-8 - -2 - (-4 - 2)
0
What is (-5 - 1 - -4) + (4 - -1)?
3
Calculate -1 + -2 - (-1 - 4).
2
What is the value of (10 - 3) + (0 - (7 - 3))?
3
What is -4 - (-5 + 5 - -5 - 13)?
4
Calculate (-14 - -2) + (-14 - -19).
-7
6 - -1 - (51 + -41)
-3
What is the value of -10 - (1 - 5) - -6?
0
1 + 7 + (-6 - 5)
-3
(-4 - -9) + -4 + 0
1
What is the value of 7 + (4 - (-6 - -7)) + -8?
2
Calculate 2 + 1 + (16 - 11).
8
What is the value of -1 + 13 + -21 - 0?
-9
What is the value of -74 - -77 - (1 + 0 + 1)?
1
Evaluate -2 + 6 - (2 + 1).
1
-2 + (2 + (0 - 2) - -2)
0
Calculate -5 - (-12 + (-2 - (3 - 10))).
2
What is (-4 - (-4 - -3)) + (-1 - -10)?
6
Evaluate -3 - (-6 + 16 - 4 - 1).
-8
What is -8 + (36 - 11) + -12?
5
Evaluate -1 + 2 - 4 - 1.
-4
What is 3 + -4 + -5 + 10?
4
What is the value of -1 + (3 - -1 - 10) - -7?
0
What is -50 + 45 + 3 + (5 - 3)?
0
Evaluate -8 + (17 - 11) + 10 + 1.
9
What is the value of 2 + -2 - (8 + (-2 - 2))?
-4
13 + (-4 - 3 - -3)
9
Calculate -6 + 11 - 6 - 0.
-1
What is the value of -7 + 7 - (-8 - -13)?
-5
Calculate 0 + 4 + (9 - (2 + 15)).
-4
5 - (5 + (-9 - -2))
7
Calculate 1 - (10 + -1) - -12.
4
Calculate 3 - (-9 - (-16 + 9)).
5
-1 + -1 + 0 + -215 + 224
7
What is the value of -3 - (-3 - (-12 + 6 - -12))?
6
What is the value of (2 - (-2 + -3)) + -21 + 6?
-8
What is the value of 0 - (11 - 17 - 2)?
8
Evaluate 0 + -2 - (-18 + 26) - -8.
-2
(2 - -2) + -6 - -5 - 4
-1
What is the value of 3 - ((8 - 8) + 6)?
-3
-11 + 14 - (-2 + 6 + 2)
-3
Calculate 5 + 2 + -6 + -2.
-1
What is -1 - (2 + (2 - 2 - 2))?
-1
What is -5 + 4 - (2 + 0)?
-3
Evaluate (1 + 1 - (-7 - -14)) + -2.
-7
Evaluate 6 + (-3 - -1) + -3.
1
9 + 2 + -4 + -4 + -1
2
Calculate (-15 - -12) + -1 + -2 + 0.
-6
Calculate 6 + (-11 - (-5 - 3 - -4)).
-1
What is 2 + (1 + 3 - 6)?
0
What is the value of (1 - (-3 - -3)) + -2 + 1?
0
-1 + (-2 - -7) - 6
-2
(2 - (0 - -3)) + (-20 - -24)
3
What is 5 - 4 - (48 + -40)?
-7
Evaluate 0 + 7 + -6 + (-12 - -4).
-7
What is the value of 5 + (-2 - -3) + -8?
-2
What is (0 - -3) + (-6 - -1)?
-2
Evaluate 7 - (-3 - -1) - 6.
3
Calculate (0 - 6) + (2 - (-8 - -1)).
3
What is -17 - (3 + -18 + 7)?
-9
What is the value of 2 + -5 + -1 - (4 - 8)?
0
(-9 + 3 - (-1 + 2)) + 6
-1
What is the value of (-1 + 2 + -5 - -2) + -3?
-5
What is the value of (3 - (19 - 7)) + 9?
0
(-7 - (-1 + -2)) + 6 + 5
7
What is the value of -7 + 8 - (-1 + 1 + -2)?
3
12 + -14 + (2 + 0 - 2)
-2
(1 + 3 - 0) + -3 + -1
0
What is -17 - (-12 - (8 + -11))?
-8
What is the value of -3 + (1 - -5) - (-2 + 2)?
3
Evaluate (-34 - -33) + 4 + -11.
-8
(-4 - 1) + (44 - 34)
5
(0 - -1) + 4 + -7
-2
Evaluate (0 - -1) + (53 - 60) + 2.
-4
What is the value of -3 + 0 - (3 + -3 - -3)?
-6
Evaluate (1 + -1 - (-1 - -4)) + 7.
4
What is the value of 2 - (-5 + (3 - -4))?
0
What is -3 + -1 - (5 - -3 - 15)?
3
What is (-171 - -179) + -1 + -11?
-4
What is the value of 9 + -3 - (-1 - (-2 - 1))?
4
What is the value of 1 - 4 - (0 - (-2 + 5))?
0
What is -2 - -6 - (8 - (1 + 0))?
-3
Evaluate 2 + 0 - (-4 - (3 + -5)).
4
What is the value of 6 - -1 - 17 - -11?
1
What is 45 + -40 - (1 - -1)?
3
Calculate (10 - 8) + 0 - (-1 - -1).
2
What is 3 + (-5 - -1 - -1)?
0
Calculate 17 + 2 + -4 - 10.
5
Evaluate -2 - (3 + 1 + -3).
-3
Calculate (7 + -2 - 0 - 0) + -11.
-6
Evaluate 0 - 8 - 0 - (-6 - 1).
-1
What is the value of (-5 - (1 - 3)) + -14 + 12?
-5
What is the value of -1 + 5 + (3 - 7)?
0
What is -2 - -1 - (-10 + 6)?
3
What is the value of 2 - (6 + -8 + 3) - 1?
0
What is the value of (1 - 7) + 1 + -11 + 9?
-7
Evaluate (1 - -1) + (6 - (11 - 5)).
2
What is the value of 17 + -1 + -11 + (16 - 12)?
9
What is (-8 - -3) + (-13 - -1) + 11?
-6
Evaluate (-1 - (1 + 3)) + 0.
-5
What is the value of (3 - 9 - (11 + -16)) + 2?
1
What is (3 - 3) + -1 + 2 - 2?
-1
-1 - (-3 - -2 - 4)
4
Evaluate -2 + (1 - 3) + (26 - 24).
-2
What is the value of -16 + 19 - (1 + -3 + 0)?
5
Evaluate 10 - (-10 + 13 - 0).
7
What is the value of (-8 - (-8 - -8)) + 4?
-4
What is the value of 1 + -1 - (-11 + -2 + 11)?
2
Calculate (1 - 19) + (-220 - -234).
-4
What is the value of (184 - 182) + (0 - 0)?
2
Evaluate 2 + 1 + -62 + 50 - -5.
-4
What is the value of (3 - -1) + 15 + -18?
1
Calculate (92 - 93) + (3 - 0) + 1.
3
What is 2 + 1 + -5 + -1?
-3
What is 4 + (-4 - (0 + -1))?
1
4 + (0 - -3) + -2 - 4
1
What is the value of 4 - ((0 - 3) + 7)?
0
What is the value of (5 - 0) + (2 - (5 + 0))?
2
Evaluate 4 - (7 + -4 - -3).
-2
Calculate (-3 - -6 - 1) + -1.
1
What is (-5 - -1) + (2 - -2)?
0
What is (-3 - 4) + 6 + 5 + -2?
2
What is the value of (-5 - -1 - -3 - -7) + -6?
0
Evaluate (-1 - -6) + -2 + -1.
2
What is the value of (5 - 2) + (2 - (2 + 4))?
-1
What is (18 + -8 - 10) + 4 + 4?
8
Calculate 0 - (4 + -6 + 0 + 2).
0
Calculate 0 - -2 - (-69 - -69).
2
What is 11 + (0 - 12) + 5?
4
What is -8 - (0 